{"id":5299,"date":"2026-03-13T20:12:36","date_gmt":"2026-03-13T20:12:36","guid":{"rendered":"https:\/\/onecode-media.com\/aztekaec\/?post_type=product&#038;p=5299"},"modified":"2026-03-13T20:12:36","modified_gmt":"2026-03-13T20:12:36","slug":"stand-para-teclado-3k","status":"publish","type":"product","link":"https:\/\/onecode-media.com\/aztekaec\/producto\/stand-para-teclado-3k\/","title":{"rendered":"STAND PARA TECLADO 3K"},"content":{"rendered":"<p>El mejor aliado para tus instrumentos musicales<br \/>\nTe presentamos el Stand Met\u00e1lico Kaiser para Teclados STD-3030, un soporte de alta calidad dise\u00f1ado para satisfacer las necesidades de los m\u00fasicos m\u00e1s exigentes. Este soporte es muy ligero, lo que facilita su transporte y montaje, pero al mismo tiempo es robusto y resistente gracias a su construcci\u00f3n en acero. Su dise\u00f1o de dos brazos proporciona un soporte seguro y estable para su teclado, permiti\u00e9ndole tocar con total confianza.<\/p>\n<p>Soporte y dise\u00f1o con amplia compatibilidad<br \/>\nEl Stand Met\u00e1lico es un soporte tipo tripi\u00e9, lo que significa que tiene tres puntos de apoyo para garantizar la m\u00e1xima estabilidad. Adem\u00e1s, su altura m\u00e1xima es de 1 metro, lo que permite ajustarlo a la altura ideal para cada m\u00fasico. Este soporte es compatible con una amplia gama de teclados, lo que lo convierte en una opci\u00f3n vers\u00e1til y pr\u00e1ctica para cualquier m\u00fasico.<\/p>\n<p>Combina funcionalidad y dise\u00f1o.<br \/>\nSu acabado en acero le da un aspecto elegante y profesional, mientras que su estructura ligera y resistente garantiza su durabilidad y rendimiento a largo plazo. Este soporte es f\u00e1cil de montar y desmontar, lo que lo hace ideal para m\u00fasicos que necesitan un equipo de f\u00e1cil manejo y transporte.<\/p>\n<p>Ajustable y extremadamente pr\u00e1ctico<br \/>\nNuestro estand es una opci\u00f3n excelente para cualquier m\u00fasico que busque un soporte de teclado de alta calidad, resistente y vers\u00e1til. Su dise\u00f1o ligero y su construcci\u00f3n en acero lo hacen duradero y f\u00e1cil de transportar, mientras que su altura ajustable y su compatibilidad con una amplia gama de teclados lo hacen extremadamente pr\u00e1ctico. Este soporte de teclado no solo cumple con su funci\u00f3n, sino que tambi\u00e9n a\u00f1ade un toque de profesionalismo a cualquier configuraci\u00f3n musical.<\/p>\n","protected":false},"excerpt":{"rendered":"<p>El mejor aliado para tus instrumentos musicales<br \/>\nTe presentamos el Stand Met\u00e1lico Kaiser para Teclados STD-3030, un soporte de alta calidad dise\u00f1ado para satisfacer las necesidades de los m\u00fasicos m\u00e1s exigentes. Este soporte es muy ligero, lo que facilita su transporte y montaje, pero al mismo tiempo es robusto y resistente gracias a su construcci\u00f3n en acero. Su dise\u00f1o de dos brazos proporciona un soporte seguro y estable para su teclado, permiti\u00e9ndole tocar con total confianza.guraci\u00f3n musical.<\/p>\n","protected":false},"featured_media":5295,"comment_status":"open","ping_status":"closed","template":"","meta":{"_monsterinsights_skip_tracking":false,"_monsterinsights_sitenote_active":false,"_monsterinsights_sitenote_note":"","_monsterinsights_sitenote_category":0},"product_cat":[211],"product_tag":[106,139],"class_list":{"0":"post-5299","1":"product","2":"type-product","3":"status-publish","4":"has-post-thumbnail","6":"product_brand-mitzu","7":"product_cat-instrumentos-musicales","8":"product_tag-mobile","9":"product_tag-technologies","10":"product_shipping_class-gopro-236","12":"first","13":"instock","14":"shipping-taxable","15":"purchasable","16":"product-type-simple","17":"col-xs-6 col-sm-4","18":"col-mf-5","19":"un-5-cols"},"aioseo_notices":[],"_links":{"self":[{"href":"https:\/\/onecode-media.com\/aztekaec\/wp-json\/wp\/v2\/product\/5299","targetHints":{"allow":["GET"]}}],"collection":[{"href":"https:\/\/onecode-media.com\/aztekaec\/wp-json\/wp\/v2\/product"}],"about":[{"href":"https:\/\/onecode-media.com\/aztekaec\/wp-json\/wp\/v2\/types\/product"}],"replies":[{"embeddable":true,"href":"https:\/\/onecode-media.com\/aztekaec\/wp-json\/wp\/v2\/comments?post=5299"}],"wp:featuredmedia":[{"embeddable":true,"href":"https:\/\/onecode-media.com\/aztekaec\/wp-json\/wp\/v2\/media\/5295"}],"wp:attachment":[{"href":"https:\/\/onecode-media.com\/aztekaec\/wp-json\/wp\/v2\/media?parent=5299"}],"wp:term":[{"taxonomy":"product_cat","embeddable":true,"href":"https:\/\/onecode-media.com\/aztekaec\/wp-json\/wp\/v2\/product_cat?post=5299"},{"taxonomy":"product_tag","embeddable":true,"href":"https:\/\/onecode-media.com\/aztekaec\/wp-json\/wp\/v2\/product_tag?post=5299"}],"curies":[{"name":"wp","href":"https:\/\/api.w.org\/{rel}","templated":true}]}}