{"id":5117,"date":"2026-03-12T23:18:20","date_gmt":"2026-03-12T23:18:20","guid":{"rendered":"https:\/\/onecode-media.com\/aztekaec\/?post_type=product&#038;p=5117"},"modified":"2026-03-13T17:20:06","modified_gmt":"2026-03-13T17:20:06","slug":"sistema-de-teatro-en-casa-2-1-ch-con-barra-de-sonido-de-1m-ksr-link-bt-aux-usb-micro-sd-remot-20w-20w-rms","status":"publish","type":"product","link":"https:\/\/onecode-media.com\/aztekaec\/producto\/sistema-de-teatro-en-casa-2-1-ch-con-barra-de-sonido-de-1m-ksr-link-bt-aux-usb-micro-sd-remot-20w-20w-rms\/","title":{"rendered":"SISTEMA DE TEATRO EN CASA 2.1 CH CON BARRA DE SONIDO DE 1M\/KSR-LINK"},"content":{"rendered":"<p>Con\u00e9ctate y vive el alto rendimiento<br \/>\nLa Barra de sonido 2.1 Canales con dos canales de gran potencia y un subwoofer con su alta fidelidad y su potencia; van a envolverte llev\u00e1ndote a los mundos que se est\u00e9n reproduciendo en tu pantalla, aunque no te preocupes, tambi\u00e9n puedes usarla s\u00f3lo para sonido. Conecta tu m\u00fasica por medio del Bluetooth que cuenta con un alcance de 10 metros o a trav\u00e9s de la entrada de 3, 5 mm o, es m\u00e1s, pon el radio. El sonido nos hace sentir acompa\u00f1ados, deja que Kaiser est\u00e9 contigo.<\/p>\n<p>Aprecia cada sonido \u00fanico<br \/>\nLa Barra de sonido KSR 2.1 Subwoofer Bluetooth 40w Rms KBS-3080 es el complemento perfecto para tu sistema de audio en casa. Con una potencia RMS de 40W, disfrutar\u00e1s de un sonido n\u00edtido y potente en tus pel\u00edculas, series y m\u00fasica favorita. Adem\u00e1s, su configuraci\u00f3n de canales digitales te brinda una experiencia de sonido envolvente \u00fanica.<\/p>\n<p>Tu casa a niveles audibles excepcionales<br \/>\nConecta f\u00e1cilmente tus dispositivos a trav\u00e9s de USB o Micro SD y controla todas las funciones desde la comodidad de tu sof\u00e1 con su pr\u00e1ctico control remoto incluido. El modelo KBS-3080 de KSR cuenta con un parlante y una bocina para ofrecerte un sonido de alta calidad en un dise\u00f1o compacto y elegante. Disfruta de tus contenidos multimedia con la mejor calidad de audio.<\/p>\n<p>Sistema multicanal<br \/>\nLa configuraci\u00f3n de canales 2.1 es la pieza fundamental de este equipo, encargada de reconstruir el audio en un sistema de m\u00faltiples altavoces. La emisi\u00f3n del sonido estereof\u00f3nico jugar\u00e1 con altas y bajas frecuencias para lograr efectos \u00fanicos.<\/p>\n","protected":false},"excerpt":{"rendered":"<p>Con\u00e9ctate y vive el alto rendimiento<br \/>\nLa Barra de sonido 2.1 Canales con dos canales de gran potencia y un subwoofer con su alta fidelidad y su potencia; van a envolverte llev\u00e1ndote a los mundos que se est\u00e9n reproduciendo en tu pantalla, aunque no te preocupes, tambi\u00e9n puedes usarla s\u00f3lo para sonido. Conecta tu m\u00fasica por medio del Bluetooth que cuenta con un alcance de 10 metros o a trav\u00e9s de la entrada de 3, 5 mm o, es m\u00e1s, pon el radio. El sonido nos hace sentir acompa\u00f1ados, deja que Kaiser est\u00e9 contigo.<\/p>\n","protected":false},"featured_media":5119,"comment_status":"open","ping_status":"closed","template":"","meta":{"_monsterinsights_skip_tracking":false,"_monsterinsights_sitenote_active":false,"_monsterinsights_sitenote_note":"","_monsterinsights_sitenote_category":0},"product_cat":[68],"product_tag":[106,139],"class_list":{"0":"post-5117","1":"product","2":"type-product","3":"status-publish","4":"has-post-thumbnail","6":"product_brand-mitzu","7":"product_cat-audio","8":"product_tag-mobile","9":"product_tag-technologies","10":"product_shipping_class-gopro-236","12":"first","13":"instock","14":"shipping-taxable","15":"purchasable","16":"product-type-simple","17":"col-xs-6 col-sm-4","18":"col-mf-5","19":"un-5-cols"},"aioseo_notices":[],"_links":{"self":[{"href":"https:\/\/onecode-media.com\/aztekaec\/wp-json\/wp\/v2\/product\/5117","targetHints":{"allow":["GET"]}}],"collection":[{"href":"https:\/\/onecode-media.com\/aztekaec\/wp-json\/wp\/v2\/product"}],"about":[{"href":"https:\/\/onecode-media.com\/aztekaec\/wp-json\/wp\/v2\/types\/product"}],"replies":[{"embeddable":true,"href":"https:\/\/onecode-media.com\/aztekaec\/wp-json\/wp\/v2\/comments?post=5117"}],"wp:featuredmedia":[{"embeddable":true,"href":"https:\/\/onecode-media.com\/aztekaec\/wp-json\/wp\/v2\/media\/5119"}],"wp:attachment":[{"href":"https:\/\/onecode-media.com\/aztekaec\/wp-json\/wp\/v2\/media?parent=5117"}],"wp:term":[{"taxonomy":"product_cat","embeddable":true,"href":"https:\/\/onecode-media.com\/aztekaec\/wp-json\/wp\/v2\/product_cat?post=5117"},{"taxonomy":"product_tag","embeddable":true,"href":"https:\/\/onecode-media.com\/aztekaec\/wp-json\/wp\/v2\/product_tag?post=5117"}],"curies":[{"name":"wp","href":"https:\/\/api.w.org\/{rel}","templated":true}]}}