{"id":4994,"date":"2026-03-12T22:43:23","date_gmt":"2026-03-12T22:43:23","guid":{"rendered":"https:\/\/onecode-media.com\/aztekaec\/?post_type=product&#038;p=4994"},"modified":"2026-03-12T22:43:23","modified_gmt":"2026-03-12T22:43:23","slug":"bb-8-anfibio-ksrlink-recar-bt-fm-usb-micro-sd-aux-1-mic-alambrico-25w-rms","status":"publish","type":"product","link":"https:\/\/onecode-media.com\/aztekaec\/producto\/bb-8-anfibio-ksrlink-recar-bt-fm-usb-micro-sd-aux-1-mic-alambrico-25w-rms\/","title":{"rendered":"BB 8&#8243; ANFIBIO KSRLINK\/ RECAR\/BT\/FM\/USB\/MICRO SD\/AUX\/1 MIC ALAMBRICO\/25W RMS"},"content":{"rendered":"<p>Lleva tu m\u00fasica a donde quieras<br \/>\nEl Bafle 8 Pulgadas Kaiser 6200 W Pmpo ccon cuerpo trasl\u00facido, es un altavoz port\u00e1til con una potencia de salida de 15 W RMS, ideal para llevar la m\u00fasica a donde quieras. Con su bater\u00eda recargable, podr\u00e1s disfrutar de hasta 3 horas de autonom\u00eda sin preocuparte por cables. Adem\u00e1s, cuenta con Bluetooth para una conexi\u00f3n inal\u00e1mbrica f\u00e1cil y r\u00e1pida.<\/p>\n<p>Ambiente de fiesta con micr\u00f3fono incluido<br \/>\nGracias a su micr\u00f3fono al\u00e1mbrico, podr\u00e1s darle un toque especial a tus reuniones o eventos con tus canciones favoritas. Adem\u00e1s, su radio incorporada te permitir\u00e1 sintonizar tus emisoras preferidas en cualquier momento. Con su asa superior podr\u00e1s transportarlo a donde quieras. Y si quieres a\u00f1adir un toque de diversi\u00f3n, las luces LED integradas crear\u00e1n un ambiente festivo y colorido, pues podr\u00e1s disfrutar del efecto Flama que cuenta en todo su cuerpo trasl\u00facido.<\/p>\n<p>Calidad, dise\u00f1o y durabilidad<br \/>\nEl dise\u00f1o de este bafle es perfecto para colocarlo en el piso y disfrutar de un sonido envolvente en cualquier lugar. Con la l\u00ednea KSR-Link de Kaiser, podr\u00e1s confiar en la calidad y durabilidad de este producto. \u00a1No esperes m\u00e1s y lleva la fiesta contigo con el bafle Kaiser 6200 W Pmpo Micr\u00f3fono Al\u00e1mbrico Ksw-1009!<\/p>\n","protected":false},"excerpt":{"rendered":"<p>Lleva tu m\u00fasica a donde quieras<br \/>\nEl Bafle 8 Pulgadas Kaiser 6200 W Pmpo ccon cuerpo trasl\u00facido, es un altavoz port\u00e1til con una potencia de salida de 15 W RMS, ideal para llevar la m\u00fasica a donde quieras. Con su bater\u00eda recargable, podr\u00e1s disfrutar de hasta 3 horas de autonom\u00eda sin preocuparte por cables. Adem\u00e1s, cuenta con Bluetooth para una conexi\u00f3n inal\u00e1mbrica f\u00e1cil y r\u00e1pida.<\/p>\n<p>&nbsp;<\/p>\n","protected":false},"featured_media":4995,"comment_status":"open","ping_status":"closed","template":"","meta":{"_monsterinsights_skip_tracking":false,"_monsterinsights_sitenote_active":false,"_monsterinsights_sitenote_note":"","_monsterinsights_sitenote_category":0},"product_cat":[68],"product_tag":[106,139],"class_list":{"0":"post-4994","1":"product","2":"type-product","3":"status-publish","4":"has-post-thumbnail","6":"product_brand-mitzu","7":"product_cat-audio","8":"product_tag-mobile","9":"product_tag-technologies","10":"product_shipping_class-gopro-236","12":"first","13":"instock","14":"shipping-taxable","15":"purchasable","16":"product-type-simple","17":"col-xs-6 col-sm-4","18":"col-mf-5","19":"un-5-cols"},"aioseo_notices":[],"_links":{"self":[{"href":"https:\/\/onecode-media.com\/aztekaec\/wp-json\/wp\/v2\/product\/4994","targetHints":{"allow":["GET"]}}],"collection":[{"href":"https:\/\/onecode-media.com\/aztekaec\/wp-json\/wp\/v2\/product"}],"about":[{"href":"https:\/\/onecode-media.com\/aztekaec\/wp-json\/wp\/v2\/types\/product"}],"replies":[{"embeddable":true,"href":"https:\/\/onecode-media.com\/aztekaec\/wp-json\/wp\/v2\/comments?post=4994"}],"wp:featuredmedia":[{"embeddable":true,"href":"https:\/\/onecode-media.com\/aztekaec\/wp-json\/wp\/v2\/media\/4995"}],"wp:attachment":[{"href":"https:\/\/onecode-media.com\/aztekaec\/wp-json\/wp\/v2\/media?parent=4994"}],"wp:term":[{"taxonomy":"product_cat","embeddable":true,"href":"https:\/\/onecode-media.com\/aztekaec\/wp-json\/wp\/v2\/product_cat?post=4994"},{"taxonomy":"product_tag","embeddable":true,"href":"https:\/\/onecode-media.com\/aztekaec\/wp-json\/wp\/v2\/product_tag?post=4994"}],"curies":[{"name":"wp","href":"https:\/\/api.w.org\/{rel}","templated":true}]}}