{"id":4633,"date":"2016-03-05T23:51:05","date_gmt":"2016-03-05T23:51:05","guid":{"rendered":"https:\/\/onecode-media.com\/aztekaec\/?post_type=product&#038;p=4633"},"modified":"2026-03-07T00:35:35","modified_gmt":"2026-03-07T00:35:35","slug":"hub-4-ptos-usb-con-entrada-usb","status":"publish","type":"product","link":"https:\/\/onecode-media.com\/aztekaec\/producto\/hub-4-ptos-usb-con-entrada-usb\/","title":{"rendered":"HUB 4 PTOS USB CON ENTRADA USB"},"content":{"rendered":"<p>Este dispositivo es un Mini Hub USB 2.0 con 4 puertos y luz LED, dise\u00f1ado para conectar m\u00faltiples perif\u00e9ricos a un solo puerto USB de tu computadora.<\/p>\n","protected":false},"excerpt":{"rendered":"<p>Este dispositivo es un Mini Hub USB 2.0 con 4 puertos y luz LED, dise\u00f1ado para conectar m\u00faltiples perif\u00e9ricos a un solo puerto USB de tu computadora.<\/p>\n","protected":false},"featured_media":4635,"comment_status":"open","ping_status":"closed","template":"","meta":{"_monsterinsights_skip_tracking":false,"_monsterinsights_sitenote_active":false,"_monsterinsights_sitenote_note":"","_monsterinsights_sitenote_category":0},"product_cat":[67,70,97],"product_tag":[106,139],"class_list":{"0":"post-4633","1":"product","2":"type-product","3":"status-publish","4":"has-post-thumbnail","6":"product_brand-mitzu","7":"product_cat-computacion","8":"product_cat-desktop-pc","9":"product_cat-laptop","10":"product_tag-mobile","11":"product_tag-technologies","12":"product_shipping_class-gopro-236","14":"first","15":"instock","16":"shipping-taxable","17":"purchasable","18":"product-type-simple","19":"col-xs-6 col-sm-4","20":"col-mf-5","21":"un-5-cols"},"aioseo_notices":[],"_links":{"self":[{"href":"https:\/\/onecode-media.com\/aztekaec\/wp-json\/wp\/v2\/product\/4633","targetHints":{"allow":["GET"]}}],"collection":[{"href":"https:\/\/onecode-media.com\/aztekaec\/wp-json\/wp\/v2\/product"}],"about":[{"href":"https:\/\/onecode-media.com\/aztekaec\/wp-json\/wp\/v2\/types\/product"}],"replies":[{"embeddable":true,"href":"https:\/\/onecode-media.com\/aztekaec\/wp-json\/wp\/v2\/comments?post=4633"}],"wp:featuredmedia":[{"embeddable":true,"href":"https:\/\/onecode-media.com\/aztekaec\/wp-json\/wp\/v2\/media\/4635"}],"wp:attachment":[{"href":"https:\/\/onecode-media.com\/aztekaec\/wp-json\/wp\/v2\/media?parent=4633"}],"wp:term":[{"taxonomy":"product_cat","embeddable":true,"href":"https:\/\/onecode-media.com\/aztekaec\/wp-json\/wp\/v2\/product_cat?post=4633"},{"taxonomy":"product_tag","embeddable":true,"href":"https:\/\/onecode-media.com\/aztekaec\/wp-json\/wp\/v2\/product_tag?post=4633"}],"curies":[{"name":"wp","href":"https:\/\/api.w.org\/{rel}","templated":true}]}}